{"id":148,"date":"2020-03-19T22:26:31","date_gmt":"2020-03-19T19:26:31","guid":{"rendered":"http:\/\/www.teosteknik.com\/?page_id=148"},"modified":"2020-04-01T01:39:49","modified_gmt":"2020-03-31T22:39:49","slug":"hakkimizda","status":"publish","type":"page","link":"https:\/\/www.teosteknik.com\/index.php\/hakkimizda\/","title":{"rendered":"HAKKIMIZDA"},"content":{"rendered":"\n<figure class=\"wp-block-image alignfull size-large is-style-default\"><img fetchpriority=\"high\" decoding=\"async\" width=\"1024\" height=\"681\" src=\"http:\/\/www.teosteknik.com\/wp-content\/uploads\/2020\/03\/res-1-d\u0131\u015f-1024x681.jpg\" alt=\"\" class=\"wp-image-183\" srcset=\"https:\/\/www.teosteknik.com\/wp-content\/uploads\/2020\/03\/res-1-d\u0131\u015f-1024x681.jpg 1024w, https:\/\/www.teosteknik.com\/wp-content\/uploads\/2020\/03\/res-1-d\u0131\u015f-300x200.jpg 300w, https:\/\/www.teosteknik.com\/wp-content\/uploads\/2020\/03\/res-1-d\u0131\u015f-768x511.jpg 768w, https:\/\/www.teosteknik.com\/wp-content\/uploads\/2020\/03\/res-1-d\u0131\u015f-600x399.jpg 600w, https:\/\/www.teosteknik.com\/wp-content\/uploads\/2020\/03\/res-1-d\u0131\u015f.jpg 1333w\" sizes=\"(max-width: 1024px) 100vw, 1024px\" \/><\/figure>\n\n\n\n<p class=\"has-text-align-justify\"><strong><em>TEOS TEKN\u0130K<\/em><\/strong> olarak, \u0131s\u0131tma ve so\u011futma sistemlerinin projelendirme ve montaj faaliyetleri \u00fczerinde \u00e7al\u0131\u015f\u0131yoruz. <\/p>\n\n\n\n<p class=\"has-text-align-justify\">Firmam\u0131z, Seferihisar\/\u0130ZM\u0130R b\u00f6lgesinde kurulmu\u015f ve <strong>Seferihisar, G\u00fczelbah\u00e7e, Urla, \u00c7e\u015fme, Karaburun<\/strong> b\u00f6lgesinde \u00e7al\u0131\u015fmalar\u0131n\u0131 s\u00fcrd\u00fcrmektedir. Bireysel\/end\u00fcstriyel iklimlendirme i\u015fletim sistemlerinde 30 y\u0131ll\u0131k mesleki birikimimizle hizmet vermekteyiz.<\/p>\n\n\n\n<p class=\"has-text-align-justify\">Al\u0131nan cihazlar m\u00fc\u015fteri beklentisi ve kullan\u0131lacaklar\u0131 ortama uygun bir \u015fekilde projelendirildikleri takdirde, \u00e7ok uzun y\u0131llar verimli ve sorunsuz olarak tasarruf ve konfor sunmaktad\u0131r. <\/p>\n\n\n\n<p class=\"has-text-align-justify\">Bu do\u011frultuda firmam\u0131z teknik uygulamalarda detaylara \u00f6nem verip, <strong>\u201cKAL\u0130TE VARSA SORUN YOKTUR\u201d<\/strong> ilkesi ile faaliyetlerini y\u00fcr\u00fctmektedir. \u00c7a\u011fda\u015f ve ekolojik ya\u015fam\u0131n vizyonuna uygun, ileri teknoloji kullanan, \u00e7evreci, d\u00fc\u015f\u00fck i\u015fletim maliyetli, Is\u0131tma\/so\u011futma Sistemlerini m\u00fc\u015fterilerimizin hizmetine sunmak \u00fczere buraday\u0131z.  <\/p>\n\n\n\n<p class=\"has-text-align-justify\"><br>Firmam\u0131z, <strong>JOHNSON CONTROLS<\/strong> b\u00fcnyesi alt\u0131nda klima \/ \u0131s\u0131 pompas\u0131 ve <strong>CANOVATE ENERJ\u0130 S\u0130STEMLER\u0130<\/strong> b\u00fcnyesi alt\u0131nda end\u00fcstriyel iklimlendirme \u00fcr\u00fcnlerinin sat\u0131\u015f\/pazarlama faaliyetlerini y\u00fcr\u00fctmektedir. <br> \u00a0<br><strong>JOHNSON CONTROLS<\/strong> , T\u00fcrkiye\u2019deki faaliyetlerini distrib\u00fct\u00f6r firmalar \u00fczerinden y\u00fcr\u00fctmek yerine pazara direkt girerek, kendi bayi ve servis a\u011f\u0131 ile hizmet vermek \u00fczere 2018 y\u0131l\u0131nda yeniden te\u015fkilatlanm\u0131\u015ft\u0131r.<br> \u00a0<br>Bu yeni yap\u0131lanma neticesinde; 2018 \u00fcr\u00fcn yelpazesi tamamen de\u011fi\u015ftirilmi\u015f ve m\u00fc\u015fteri memnuniyeti g\u00f6z \u00f6n\u00fcne al\u0131narak i\u00e7 piyasaya s\u00fcr\u00fclm\u00fc\u015ft\u00fcr. <\/p>\n\n\n\n<p class=\"has-text-align-justify\"><strong>CANOVATE ENERJ\u0130 S\u0130STEMLER\u0130<\/strong>, \u0130stanbul merkezden y\u00fcr\u00fctt\u00fc\u011f\u00fc hizmetlerini m\u00fc\u015fteriye daha kolay ula\u015fmak ve ihtiyac\u0131 yerinde tespitle, \u00f6zel \u00e7\u00f6z\u00fcmleri sunabilmek maksad\u0131yla bayi\/servis olu\u015fumunu ger\u00e7ekle\u015ftirmi\u015ftir. <br> \u00a0<br>\u015eirketimiz de bu yeni yap\u0131lanmalar i\u00e7erisinde yerini alm\u0131\u015f; Seferihisar, G\u00fczelbah\u00e7e, Urla, \u00c7e\u015fme, Karaburun b\u00f6lgesinde bu iki \u00f6nemli firman\u0131n \u00fcr\u00fcnlerinin ana bayili\u011fini \u00fcstlenmi\u015ftir. <\/p>\n","protected":false},"excerpt":{"rendered":"<p>TEOS TEKN\u0130K olarak, \u0131s\u0131tma ve so\u011futma sistemlerinin projelendirme ve montaj faaliyetleri \u00fczerinde \u00e7al\u0131\u015f\u0131yoruz. Firmam\u0131z, Seferihisar\/\u0130ZM\u0130R b\u00f6lgesinde kurulmu\u015f ve Seferihisar, G\u00fczelbah\u00e7e, Urla, \u00c7e\u015fme, Karaburun b\u00f6lgesinde \u00e7al\u0131\u015fmalar\u0131n\u0131&hellip;<\/p>\n","protected":false},"author":1,"featured_media":0,"parent":0,"menu_order":0,"comment_status":"closed","ping_status":"closed","template":"templates\/builder-fullwidth-std.php","meta":{"footnotes":""},"class_list":["post-148","page","type-page","status-publish","hentry"],"jetpack_sharing_enabled":true,"_links":{"self":[{"href":"https:\/\/www.teosteknik.com\/index.php\/wp-json\/wp\/v2\/pages\/148","targetHints":{"allow":["GET"]}}],"collection":[{"href":"https:\/\/www.teosteknik.com\/index.php\/wp-json\/wp\/v2\/pages"}],"about":[{"href":"https:\/\/www.teosteknik.com\/index.php\/wp-json\/wp\/v2\/types\/page"}],"author":[{"embeddable":true,"href":"https:\/\/www.teosteknik.com\/index.php\/wp-json\/wp\/v2\/users\/1"}],"replies":[{"embeddable":true,"href":"https:\/\/www.teosteknik.com\/index.php\/wp-json\/wp\/v2\/comments?post=148"}],"version-history":[{"count":10,"href":"https:\/\/www.teosteknik.com\/index.php\/wp-json\/wp\/v2\/pages\/148\/revisions"}],"predecessor-version":[{"id":264,"href":"https:\/\/www.teosteknik.com\/index.php\/wp-json\/wp\/v2\/pages\/148\/revisions\/264"}],"wp:attachment":[{"href":"https:\/\/www.teosteknik.com\/index.php\/wp-json\/wp\/v2\/media?parent=148"}],"curies":[{"name":"wp","href":"https:\/\/api.w.org\/{rel}","templated":true}]}}

<figure class="wp-block-image alignfull size-large is-style-default"><img fetchpriority="high" decoding="async" width="1024" height="681" src="http://www.teosteknik.com/wp-content/uploads/2020/03/res-1-dış-1024x681.jpg" alt="" class="wp-image-183" srcset="https://www.teosteknik.com/wp-content/uploads/2020/03/res-1-dış-1024x681.jpg 1024w, https://www.teosteknik.com/wp-content/uploads/2020/03/res-1-dış-300x200.jpg 300w, https://www.teosteknik.com/wp-content/uploads/2020/03/res-1-dış-768x511.jpg 768w, https://www.teosteknik.com/wp-content/uploads/2020/03/res-1-dış-600x399.jpg 600w, https://www.teosteknik.com/wp-content/uploads/2020/03/res-1-dış.jpg 1333w" sizes="(max-width: 1024px) 100vw, 1024px" /></figure>



<p class="has-text-align-justify"><strong><em>TEOS TEKNİK</em></strong> olarak, ısıtma ve soğutma sistemlerinin projelendirme ve montaj faaliyetleri üzerinde çalışıyoruz. </p>



<p class="has-text-align-justify">Firmamız, Seferihisar/İZMİR bölgesinde kurulmuş ve <strong>Seferihisar, Güzelbahçe, Urla, Çeşme, Karaburun</strong> bölgesinde çalışmalarını sürdürmektedir. Bireysel/endüstriyel iklimlendirme işletim sistemlerinde 30 yıllık mesleki birikimimizle hizmet vermekteyiz.</p>



<p class="has-text-align-justify">Alınan cihazlar müşteri beklentisi ve kullanılacakları ortama uygun bir şekilde projelendirildikleri takdirde, çok uzun yıllar verimli ve sorunsuz olarak tasarruf ve konfor sunmaktadır. </p>



<p class="has-text-align-justify">Bu doğrultuda firmamız teknik uygulamalarda detaylara önem verip, <strong>“KALİTE VARSA SORUN YOKTUR”</strong> ilkesi ile faaliyetlerini yürütmektedir. Çağdaş ve ekolojik yaşamın vizyonuna uygun, ileri teknoloji kullanan, çevreci, düşük işletim maliyetli, Isıtma/soğutma Sistemlerini müşterilerimizin hizmetine sunmak üzere buradayız.  </p>



<p class="has-text-align-justify"><br>Firmamız, <strong>JOHNSON CONTROLS</strong> bünyesi altında klima / ısı pompası ve <strong>CANOVATE ENERJİ SİSTEMLERİ</strong> bünyesi altında endüstriyel iklimlendirme ürünlerinin satış/pazarlama faaliyetlerini yürütmektedir. <br>  <br><strong>JOHNSON CONTROLS</strong> , Türkiye’deki faaliyetlerini distribütör firmalar üzerinden yürütmek yerine pazara direkt girerek, kendi bayi ve servis ağı ile hizmet vermek üzere 2018 yılında yeniden teşkilatlanmıştır.<br>  <br>Bu yeni yapılanma neticesinde; 2018 ürün yelpazesi tamamen değiştirilmiş ve müşteri memnuniyeti göz önüne alınarak iç piyasaya sürülmüştür. </p>



<p class="has-text-align-justify"><strong>CANOVATE ENERJİ SİSTEMLERİ</strong>, İstanbul merkezden yürüttüğü hizmetlerini müşteriye daha kolay ulaşmak ve ihtiyacı yerinde tespitle, özel çözümleri sunabilmek maksadıyla bayi/servis oluşumunu gerçekleştirmiştir. <br>  <br>Şirketimiz de bu yeni yapılanmalar içerisinde yerini almış; Seferihisar, Güzelbahçe, Urla, Çeşme, Karaburun bölgesinde bu iki önemli firmanın ürünlerinin ana bayiliğini üstlenmiştir. </p>

<p>TEOS TEKNİK olarak, ısıtma ve soğutma sistemlerinin projelendirme ve montaj faaliyetleri üzerinde çalışıyoruz. Firmamız, Seferihisar/İZMİR bölgesinde kurulmuş ve Seferihisar, Güzelbahçe, Urla, Çeşme, Karaburun bölgesinde çalışmalarını&hellip;</p>
